ctors of 49750.
2, 5, 199
List the prime factors of 5064.
2, 3, 211
List the prime factors of 32912.
2, 11, 17
List the prime factors of 64775.
5, 2591
What are the prime factors of 2504?
2, 313
List the prime factors of 1028.
2, 257
List the prime factors of 10938.
2, 3, 1823
What are the prime factors of 128592?
2, 3, 19, 47
List the prime factors of 8250.
2, 3, 5, 11
What are the prime factors of 46305?
3, 5, 7
What are the prime factors of 248?
2, 31
What are the prime factors of 59893?
101, 593
List the prime factors of 10613.
10613
List the prime factors of 65700.
2, 3, 5, 73
List the prime factors of 5935.
5, 1187
List the prime factors of 5275.
5, 211
List the prime factors of 5099.
5099
What are the prime factors of 5500?
2, 5, 11
What are the prime factors of 712?
2, 89
List the prime factors of 83826.
2, 3, 4657
What are the prime factors of 26283?
3, 8761
List the prime factors of 3161.
29, 109
What are the prime factors of 1591?
37, 43
List the prime factors of 2685.
3, 5, 179
What are the prime factors of 3775?
5, 151
What are the prime factors of 2680?
2, 5, 67
What are the prime factors of 12270?
2, 3, 5, 409
List the prime factors of 1442.
2, 7, 103
List the prime factors of 1805.
5, 19
List the prime factors of 117305.
5, 29, 809
List the prime factors of 48.
2, 3
List the prime factors of 773.
773
List the prime factors of 8644.
2, 2161
List the prime factors of 5278.
2, 7, 13, 29
List the prime factors of 6509.
23, 283
What are the prime factors of 9467?
9467
List the prime factors of 13377.
3, 7, 13
List the prime factors of 18406.
2, 9203
List the prime factors of 58699.
58699
What are the prime factors of 17893?
29, 617
List the prime factors of 1388.
2, 347
What are the prime factors of 55269?
3, 23, 89
What are the prime factors of 13876?
2, 3469
List the prime factors of 116014.
2, 19, 43, 71
What are the prime factors of 1485?
3, 5, 11
What are the prime factors of 36300?
2, 3, 5, 11
What are the prime factors of 22069?
29, 761
What are the prime factors of 53673?
3, 17891
List the prime factors of 4876.
2, 23, 53
List the prime factors of 872.
2, 109
List the prime factors of 913.
11, 83
List the prime factors of 14038.
2, 7019
List the prime factors of 44951.
79, 569
List the prime factors of 9969.
3, 3323
List the prime factors of 12193.
89, 137
List the prime factors of 1584.
2, 3, 11
List the prime factors of 27769.
7, 3967
List the prime factors of 5560.
2, 5, 139
List the prime factors of 10819.
31, 349
List the prime factors of 1164.
2, 3, 97
List the prime factors of 1491.
3, 7, 71
What are the prime factors of 13565?
5, 2713
What are the prime factors of 32792?
2, 4099
List the prime factors of 5292.
2, 3, 7
List the prime factors of 209.
11, 19
List the prime factors of 29588.
2, 13, 569
List the prime factors of 14125.
5, 113
List the prime factors of 1745.
5, 349
List the prime factors of 3898.
2, 1949
What are the prime factors of 1259?
1259
What are the prime factors of 127324?
2, 139, 229
What are the prime factors of 62223?
3, 7, 2963
List the prime factors of 13037.
13037
List the prime factors of 6985.
5, 11, 127
What are the prime factors of 269?
269
What are the prime factors of 4177?
4177
What are the prime factors of 16797?
3, 11, 509
What are the prime factors of 651?
3, 7, 31
What are the prime factors of 27104?
2, 7, 11
List the prime factors of 2155.
5, 431
What are the prime factors of 30658?
2, 15329
List the prime factors of 48135.
3, 5, 3209
What are the prime factors of 6685?
5, 7, 191
List the prime factors of 31280.
2, 5, 17, 23
List the prime factors of 4245.
3, 5, 283
What are the prime factors of 33144?
2, 3, 1381
List the prime factors of 6661.
6661
List the prime factors of 736.
2, 23
What are the prime factors of 19363?
17, 67
What are the prime factors of 4578?
2, 3, 7, 109
List the prime factors of 12571.
13, 967
What are the prime factors of 1254?
2, 3, 11, 19
List the prime factors of 15559.
15559
What are the prime factors of 13546?
2, 13, 521
What are the prime factors of 34615?
5, 7, 23, 43
What are the prime factors of 1050?
2, 3, 5, 7
What are the prime factors of 26409?
3, 8803
List the prime factors of 3890.
2, 5, 389
List the prime factors of 6314.
2, 7, 11, 41
What are the prime factors of 29129?
29129
List the prime factors of 31851.
3, 3539
What are the prime factors of 1056?
2, 3, 11
List the prime factors of 2355.
3, 5, 157
List the prime factors of 193.
193
List the prime factors of 19077.
3, 6359
What are the prime factors of 16743?
3, 5581
What are the prime factors of 1787?
1787
List the prime factors of 211.
211
What are the prime factors of 4986?
2, 3, 277
What are the prime factors of 19300?
2, 5, 193
What are the prime factors of 703?
19, 37
List the prime factors of 895.
5, 179
What are the prime factors of 518?
2, 7, 37
List the prime factors of 1557.
3, 173
List the prime factors of 31424.
2, 491
What are the prime factors of 1008?
2, 3, 7
What are the prime factors of 1455?
3, 5, 97
What are the prime factors of 328?
2, 41
What are the prime factors of 44824?
2, 13, 431
What are the prime factors of 845?
5, 13
What are the prime factors of 1041?
3, 347
List the prime factors of 315.
3, 5, 7
What are the prime factors of 4668?
2, 3, 389
What are the prime factors of 31600?
2, 5, 79
List the prime factors of 5496.
2, 3, 229
List the prime factors of 451.
11, 41
List the prime factors of 588.
2, 3, 7
List the prime factors of 2461.
23, 107
List the prime factors of 5412.
2, 3, 11, 41
List the prime factors of 620.
2, 5, 31
What are the prime factors of 13735?
5, 41, 67
What are the prime factors of 2486?
2, 11, 113
What are the prime factors of 11826?
2, 3, 73
List the prime factors of 821.
821
What are the prime factors of 16673?
16673
What are the prime factors of 5998?
2, 2999
List the prime factors of 83730.
2, 3, 5, 2791
List the prime factors of 1722.
2, 3, 7, 41
What are the prime factors of 853?
853
What are the prime factors of 98669?
98669
List the prime factors of 6236.
2, 1559
List the prime factors of 11379.
3, 3793
List the prime factors of 20216.
2, 7, 19
What are the prime factors of 4954?
2, 2477
What are the prime factors of 16714?
2, 61, 137
What are the prime factors of 377?
13, 29
List the prime factors of 3413.
3413
List the prime factors of 27727.
7, 17, 233
List the prime factors of 13146.
2, 3, 7, 313
What are the prime factors of 6485?
5, 1297
List the prime factors of 32205.
3, 5, 19, 113
What are the prime factors of 6863?
6863
What are the prime factors of 12070?
2, 5, 17, 71
List the prime factors of 14339.
13, 1103
What are the prime factors of 1318?
2, 659
List the prime factors of 22380.
2, 3, 5, 373
What are the prime factors of 1328?
2, 83
What are the prime factors of 1044?
2, 3, 29
List the prime factors of 28145.
5, 13, 433
List the prime factors of 194.
2, 97
List the prime factors of 77382.
2, 3, 1433
What are the prime factors of 18?
2, 3
List the prime factors of 4112.
2, 257
What are the prime factors of 67597?
23, 2939
List the prime factors of 22539.
3, 11, 683
List the prime factors of 1055.
5, 211
List the prime factors of 20216.
2, 7, 19
List the prime factors of 106718.
2, 53359
List the prime factors of 1481.
1481
List the prime factors of 46638.
2, 3, 2591
List the prime factors of 8727.
3, 2909
List the prime factors of 242.
2, 11
What are the prime factors of 11683?
7, 1669
What are the prime factors of 2451?
3, 19, 43
List the prime factors of 729.
3
What are the prime factors of 122641?
29, 4229
List the prime factors of 4457.
4457
List the prime factors of 22909.
31, 739
What are the prime factors of 3765?
3, 5, 251
List the prime factors of 198.
2, 3, 11
List the prime factors of 14509.
11, 1319
What are the prime factors of 9266?
2, 41, 113
What are the prime factors of 28042?
2, 7, 2003
What are the prime factors of 38949?
3, 12983
What are the prime factors of 13257?
3, 491
What are the prime factors of 4226?
2, 2113
What are the prime factors of 1898?
2, 13, 73
List the prime factors of 174793.
47, 3719
What are the prime factors of 40017?
3, 13339
What are the prime factors of 460?
2, 5, 23
What are the prime factors of 1459?
1459
List the prime factors of 4246.
2, 11, 193
What are the 